2
Suppose -2*v + 8*v - 24 = 0. Let r(f) = 29*f**2 - 7*f + 3*f - v*f**2 - 24*f**2. Determine r(8).
32
Let d = 50 - 21. Let l = -25 + d. Let m(v) = -32*v - 33*v - 30*v + 96*v - 3. Determine m(l).
1
Let s(b) = -b**3 - 5*b**2 + 5*b + 5. Let i be ((-150)/(-9))/5 + 4/(-12). Suppose i*u + q + 18 = 0, -5*u - q + 11 = 41. Determine s(u).
11
Suppose -69*x - 1748 = -145*x. Let h(t) = -2*t**2 + 47*t + 1. Calculate h(x).
24
Let q = 765 + -769. Let x(r) = -r**3 - 4*r**2 - 3*r - 5. Determine x(q).
7
Let w(k) = -15*k - 11. Let a(y) = 160*y + 110. Let n(d) = 2*a(d) + 21*w(d). Calculate n(1).
-6
Let f(l) be the second derivative of l**4/12 + 2*l**3 + 6*l**2 + l - 5. Let d(t) = 16*t - 59. Let j be d(3). Calculate f(j).
1
Let s(i) = -2*i - 23. Let g(c) = 28*c + 160. Let u(q) = -g(q) - 10*s(q). What is u(7)?
14
Let a(x) = -3*x**3 - x**2 - 1. Let o(u) = -10*u**3 - 10*u**2 - 5*u - 5. Let s(i) = -3*a(i) + o(i). Suppose -8 = 2*z + 4. Determine s(z).
-8
Let t = -3837 + 3835. Let w(x) = 6*x**2 + 8*x - 4. Give w(t).
4
Let m(s) = -3 + 1 + s**2 + 2*s + 0. Let w be m(2). Let x(f) be the first derivative of -f**3/3 + 9*f**2/2 - 2*f + 6278. Determine x(w).
16
Suppose -26*f - 8 = -25*f. Let u(s) be the third derivative of s**4/24 + 3*s**3 + 3*s**2 - 221. Give u(f).
10
Let i(y) = -3*y**2 - 160*y - 371. Let l be i(-51). Let r(u) = 4*u + 63. Determine r(l).
7
Let k be (-2)/9 - (-20)/9. Let v(q) = q - 2*q**k + 1 - 3*q**2 + q. Suppose -72*l + 12*l - 106 = 46*l. Determine v(l).
-6
Let k(i) = 1 - 13919*i + 70 - 15 + 13949*i + i**2. Give k(-28).
0
Let i be 6/(2 - 4) + 0. Let v(d) be the first derivative of 4*d**3/3 + 3*d - 23436. Calculate v(i).
39
Suppose 5*x - 5*y - 75 = 0, -x + 18*y - 15*y + 27 = 0. Let o(z) = -2 + 3 - 2. Let r(t) = t**2 - 10*t + 5. Let k(b) = 6*o(b) + r(b). What is k(x)?
-10
Let g(u) = 9*u + 34. Let b = 7830 - 7833. What is g(b)?
7
Suppose 0 = d - q - 5, -4*d + 7 = -3*d - 3*q. Suppose -2*o = -3*j - 12, -5*o = -5*j - 11 - d. Let c(b) = b**3 + 4*b**2 - 10*b - 9. What is c(j)?
-21
Let n(g) = g**3 - g**2 + 0 + 5 + 6*g**2 + g - 7*g. Let q(v) = -v**3 - 5*v**2 - 17*v - 91. Let m be q(-5). Calculate n(m).
5
Let q(m) = -20*m - 1. Let z be q(-1). Let v(f) = -z*f + 15*f**2 + 15*f + 10*f + f**3 - 9*f**2. Let d be -2*(3/2 - -1). What is v(d)?
-5
Let d(x) = -23*x - 33. Let g(i) = -4*i - 1. Let c(r) = d(r) - 5*g(r). Calculate c(-13).
11
Let q(x) = x**3 + 2*x**2 + 3*x - 23. Let k(g) = 6. Let i(o) = 4*k(o) + q(o). What is i(-2)?
-5
Let x(f) = -f**2 - 1. Let j(v) = -2*v**2 + 6*v + 5. Let d = -34 + 31. Let w(t) = d*x(t) + j(t). Let z = -11 + 5. Calculate w(z).
8
Let z = 51 - -439. Let m(j) = -z - 493 - 2*j + 0*j + 982 + j. What is m(-6)?
5
Let u(t) = -53*t - 3456. Let c be u(-65). Let w(b) = b**2 + 5*b - 6. Calculate w(c).
60
Let o(c) be the first derivative of c**4/4 - 2*c**3 - 3*c**2/2 - 8*c + 6. Suppose -5*n + 81 + 54 = 0. Suppose n*g = 19*g + 56. Determine o(g).
20
Suppose 8 = 4*o + a, -21*o - 2*a + 6 = -23*o. Let p(c) = -19 + 4 + c**2 - 5 + 18. Determine p(o).
-1
Let r(i) = -i + 6*i + i**2 + i + 4 + 2. Let o(p) = 5*p + 6. Let k(v) = -3*o(v) + 2*r(v). What is k(6)?
48
Let k = 1 - -31. Suppose 0 = -w - 3*z + k - 10, -2*z = -3*w + 11. Suppose w = -5*a - 3. Let i(u) = 3*u**2 + 2*u - 2. Give i(a).
6
Let o(k) = k**3 - 92*k**2 - 485*k + 7. Let q be o(97). Let p(g) = -g**2 - 5*g - 21*g**3 + 22*g**3 - 2 - 5*g**2 - 4*g. Determine p(q).
-16
Suppose -53*s + 2325 = 53*s + 49*s. Let p(k) = -k**2 + 15*k + 4. Calculate p(s).
4
Let q(i) = -4*i + 3*i**2 - i**3 + 2*i + 2*i**3. Suppose 0 = -4*g + 192 - 180. Let y be (18/g + -3)*(2 - 3). Give q(y).
6
Let q be ((-412)/1)/(90/45). Let w = 211 + q. Let c(d) = -d**2 + 3*d + 7. Calculate c(w).
-3
Let k(u) = 23*u**2 + 10 - 44*u**2 - u + 228*u**3 - 13 - 229*u**3. Give k(-21).
18
Let z(o) = o**3 + o**2 - o + 1. Let m(s) = -5*s**3 + 4*s**2 + 28*s. Let g(b) = -m(b) - 6*z(b). Calculate g(-6).
-18
Let v(k) = -k**3 - 8*k**2 - 55*k - 48. Let d(c) = c**3 + 10*c**2 + 65*c + 47. Let i(p) = -8*d(p) - 9*v(p). Give i(10).
6
Let w = -2742 - -2743. Let l(h) = 2*h**2 + h + 1. What is l(w)?
4
Let v(a) = -168 + 339 - 165 + 6*a. Suppose 57 + 42 = 3*q. Suppose o - 2*f = -14, f - 6*f = -2*o - q. Calculate v(o).
-18
Let w(k) = -64*k**2 - k - 2. Let d(x) = -48*x - 1729. Let o be d(-36). What is w(o)?
-65
Let n(f) be the second derivative of -5*f**3/6 - 31*f**2/2 + f - 44. What is n(-11)?
24
Let q(b) = 210*b**2 + 30*b - 3. Let d(c) = -263*c**2 - 29*c + 5. Let z(a) = -4*d(a) - 5*q(a). What is z(0)?
-5
Suppose -3*y = 4*w - 100, 4*w - 3*y - 54 = 22. Let u(i) = -3*i - 78 + 28 + 27 + w. Determine u(1).
-4
Let i(s) = 3*s**2 + 2*s + 8. Suppose -93*r - 463 + 285 = 380. Calculate i(r).
104
Suppose 3312 = 18*p - 3996. Suppose 4*s + 402 = p. Let z(b) = 4*b**3 + b - 1. What is z(s)?
4
Let v(j) = -j**3 + 17 - 13 + 36*j**2 + 2*j**3 + 10*j + j**2 - 28*j**2. What is v(-8)?
-12
Suppose 43*t - 46 + 347 = 0. Let x(y) = -2*y**3 + 5*y**2 - 6*y + 5. Let q(b) = b**3 - 3*b**2 + 3*b - 3. Let h(c) = t*q(c) - 3*x(c). What is h(6)?
-12
Let a be 3*(-1)/2*(-48)/18. Let o(u) = 12*u - 11. Let q(l) = 13*l - 12. Let m(p) = -6*o(p) + 5*q(p). Give m(a).
-22
Let c(h) = -h**2 - 16*h + 15. Let q be (5 - 13) + (0 - 7) + 2. Determine c(q).
54
Suppose -b + 44 = 3*b. Let o = b + -10. Let n(v) = 32*v**3 - 34*v**3 + v**3 - v + 2*v**2. Calculate n(o).
0
Let d(b) = -15 + 3 + 4 + 139*b - 140*b. Suppose 2*p - 4 = 6. Suppose -5*t - p*q = -0*t - 55, 3*t - 2*q = 13. Calculate d(t).
-15
Let r(a) be the third derivative of a**5/60 - 3*a**4/4 - 7*a**3 - 119*a**2. Give r(17).
-59
Let w(i) = i + 9. Let t be (5/(-15)*0/(-1))/(-1). Suppose n + 3*j = t, -3*j = j - 8. Calculate w(n).
3
Let z(h) be the first derivative of -10*h + 16 - 11/2*h**2 + 2/3*h**3. Let u be z(6). Let r(o) = -o**2 - 5*o + 4. Determine r(u).
8
Let j(r) = -r**3 + 8*r**2 - 8*r + 2. Let l = 319 - 607. Let y be (l/40 + 6)*-5. Give j(y).
26
Let z(f) = f**3 + 6*f**2 + 8*f - 14. Let n = -19402 + 19398. Give z(n).
-14
Let b(k) = 18*k + 29. Let a(m) = 2*m + 5. Let x(n) = -6*a(n) + b(n). Let o = 5 - 2. Suppose l - 4*l = -o. What is x(l)?
5
Let x(h) = h**3 + 5*h**2 - 10*h - 21. Let l be (-550)/6325 - (2 + 0 - 180/(-46)). Give x(l).
3
Suppose 293 = 27*q - 220. Let m(k) be the first derivative of 3/2*k**2 + q - k. Give m(3).
8
Let x(r) be the second derivative of 13*r**3/6 - 191*r**2/2 - 11319*r. Give x(14).
-9
Let b(o) be the third derivative of o**5/15 + 29*o**4/24 - 9*o**3 - 709*o**2. Give b(2).
20
Let k be -2 - (0 - -6)/6. Let j be (1 - -1) + 0 + k. Let f(m) = 4*m**3 + m. What is f(j)?
-5
Let j(b) be the first derivative of -5*b + 1/2*b**2 + 3. Suppose 0*c = 3*c. Determine j(c).
-5
Let r(y) be the third derivative of y**4/12 - 7*y**3/6 - y**2. Let z(o) = -o**3 + 11*o**2 - 11*o + 3. Let b be z(3). Suppose -b = -2*k - 5*k. Determine r(k).
5
Suppose 2*r + 3*g = -4 - 6, r = 3*g + 4. Let l be 1*r*(-5 - (8 - 15)). Let i(s) = 0*s**2 - 3*s - 4*s**2 - 7*s**3 + 3*s**3 + 3*s**3 - 5. Calculate i(l).
7
Let q(f) = -2*f**3 + 12*f**2 - 2*f + 5. Suppose 4*o - 5 = 19. Let y be q(o). Let v(g) be the second derivative of g**3/6 + g**2/2 + 2*g. Calculate v(y).
-6
Let w = -8312 + 8314. Let t(b) = 4*b**3 + b**2 - 8*b + 8. Determine t(w).
28
Let h(w) = w**2 + 7*w**2 + w - 3*w**3 + 2 + 4*w**3. Suppose -5*b + 28 = 4*v, 98*v - 94*v + 20*b - 208 = 0. Calculate h(v).
-6
Let x(m) be the second derivative of 2*m**3 + 2*m**2 - 100*m. Give x(-2).
-20
Let u(v) be the third derivative of -1/15*v**5 - 7/6*v**3 + 0 + 14*v + 1/24*v**4 - 4*v**2 - 1/120*v**6. Determine u(-5).
13
Let l(t) = t**2 - 3*t + 1. Let z be l(3). Let k(f) = -3*f**3 + 2*f**3 - 49*f + 3*f**3 + 47*f + z. Let g be (-1)/2 - (-3)/2. Determine k(g).
1
Suppose 0 = 2*o - o + o. Let j be (-30)/(-3*(-8)/(-60)). Let b(v) = 39 + 41 - j - v. Calculate b(o).
5
Suppose -18*h - 100 = -28. Let n be (-6 + 3)/(1 - (-10)/h). Let f(j) = j**3 - 2*j**2 + 2*j + 2. Determine f(n).
6
Let i be (-2)/(-2 + -1 + 2). Let f(l) = 0*l - 3*l - 2 + 3 + 4*l. Let s(d) = -13*d - 1. Let m(v) = -4*f(v) - s(v). Determine m(i).
15
Let g be 1 + 3 + (-24)/12. Let b(f) = 53*f**2 - 28*f**2 + 12 + f + 11 - f**3 - 26*f**g. What is b(0)?
23
Let y = -51 - -78. Let p(n) = -10 + 6 + 2 - n**2 + 30 + y*n. Let s be p(28). Let i(o) = o + 7. Calculate i(s).
7
Let y be 2*(-12 + (-55)/(-5)). Let 